{"id":52,"date":"2017-03-18T15:21:23","date_gmt":"2017-03-18T14:21:23","guid":{"rendered":"http:\/\/localhost\/wordpress\/?page_id=52"},"modified":"2017-04-13T14:54:48","modified_gmt":"2017-04-13T12:54:48","slug":"pose-ou-renovation-de-velux","status":"publish","type":"page","link":"https:\/\/atdm-charpentes.fr\/index.php\/pose-ou-renovation-de-velux\/","title":{"rendered":"Pose ou r\u00e9novation de Velux"},"content":{"rendered":"<p>Le Velux est un moyen simple d&rsquo;apporter de la luminosit\u00e9 dans un espace de hauteur contrainte. Le r\u00e9nover est important pour garantir isolation thermique et sonore.<\/p>\n","protected":false},"excerpt":{"rendered":"<p>Le Velux est un moyen simple d&rsquo;apporter de la luminosit\u00e9 dans un espace de hauteur contrainte. Le r\u00e9nover est important pour garantir isolation thermique et<\/p>\n","protected":false},"author":1,"featured_media":107,"parent":0,"menu_order":0,"comment_status":"closed","ping_status":"closed","template":"page-templates\/template-services.php","meta":[],"_links":{"self":[{"href":"https:\/\/atdm-charpentes.fr\/index.php\/wp-json\/wp\/v2\/pages\/52"}],"collection":[{"href":"https:\/\/atdm-charpentes.fr\/index.php\/wp-json\/wp\/v2\/pages"}],"about":[{"href":"https:\/\/atdm-charpentes.fr\/index.php\/wp-json\/wp\/v2\/types\/page"}],"author":[{"embeddable":true,"href":"https:\/\/atdm-charpentes.fr\/index.php\/wp-json\/wp\/v2\/users\/1"}],"replies":[{"embeddable":true,"href":"https:\/\/atdm-charpentes.fr\/index.php\/wp-json\/wp\/v2\/comments?post=52"}],"version-history":[{"count":3,"href":"https:\/\/atdm-charpentes.fr\/index.php\/wp-json\/wp\/v2\/pages\/52\/revisions"}],"predecessor-version":[{"id":164,"href":"https:\/\/atdm-charpentes.fr\/index.php\/wp-json\/wp\/v2\/pages\/52\/revisions\/164"}],"wp:featuredmedia":[{"embeddable":true,"href":"https:\/\/atdm-charpentes.fr\/index.php\/wp-json\/wp\/v2\/media\/107"}],"wp:attachment":[{"href":"https:\/\/atdm-charpentes.fr\/index.php\/wp-json\/wp\/v2\/media?parent=52"}],"curies":[{"name":"wp","href":"https:\/\/api.w.org\/{rel}","templated":true}]}}