{"id":54,"date":"2017-03-18T15:21:58","date_gmt":"2017-03-18T14:21:58","guid":{"rendered":"http:\/\/localhost\/wordpress\/?page_id=54"},"modified":"2017-04-13T14:57:03","modified_gmt":"2017-04-13T12:57:03","slug":"renovation-charpente","status":"publish","type":"page","link":"https:\/\/atdm-charpentes.fr\/index.php\/renovation-charpente\/","title":{"rendered":"R\u00e9novation charpente et toit"},"content":{"rendered":"<p>Beaucoup d&rsquo;\u00e9l\u00e9ments peuvent endommager charpente et toit: intemp\u00e9ries, insectes. Une inspection r\u00e9guli\u00e8re est n\u00e9cessaire pour assurer leur bon \u00e9tat.<\/p>\n","protected":false},"excerpt":{"rendered":"<p>Beaucoup d&rsquo;\u00e9l\u00e9ments peuvent endommager charpente et toit: intemp\u00e9ries, insectes. Une inspection r\u00e9guli\u00e8re est n\u00e9cessaire pour assurer leur bon \u00e9tat.<\/p>\n","protected":false},"author":1,"featured_media":113,"parent":0,"menu_order":0,"comment_status":"closed","ping_status":"closed","template":"page-templates\/template-services.php","meta":[],"_links":{"self":[{"href":"https:\/\/atdm-charpentes.fr\/index.php\/wp-json\/wp\/v2\/pages\/54"}],"collection":[{"href":"https:\/\/atdm-charpentes.fr\/index.php\/wp-json\/wp\/v2\/pages"}],"about":[{"href":"https:\/\/atdm-charpentes.fr\/index.php\/wp-json\/wp\/v2\/types\/page"}],"author":[{"embeddable":true,"href":"https:\/\/atdm-charpentes.fr\/index.php\/wp-json\/wp\/v2\/users\/1"}],"replies":[{"embeddable":true,"href":"https:\/\/atdm-charpentes.fr\/index.php\/wp-json\/wp\/v2\/comments?post=54"}],"version-history":[{"count":5,"href":"https:\/\/atdm-charpentes.fr\/index.php\/wp-json\/wp\/v2\/pages\/54\/revisions"}],"predecessor-version":[{"id":166,"href":"https:\/\/atdm-charpentes.fr\/index.php\/wp-json\/wp\/v2\/pages\/54\/revisions\/166"}],"wp:featuredmedia":[{"embeddable":true,"href":"https:\/\/atdm-charpentes.fr\/index.php\/wp-json\/wp\/v2\/media\/113"}],"wp:attachment":[{"href":"https:\/\/atdm-charpentes.fr\/index.php\/wp-json\/wp\/v2\/media?parent=54"}],"curies":[{"name":"wp","href":"https:\/\/api.w.org\/{rel}","templated":true}]}}